n). Suppose -5*t = -4*k - t - 24, 2*k + 2*t = 0. Determine r(k).
-4
Let l(q) = -q**2 - q + 1. Let k(f) = -3*f**2 - 11*f - 4. Let i(y) = -10 + 3*y + y - 6*y + y. Let n be i(-8). Let r(p) = n*l(p) + k(p). What is r(-5)?
14
Suppose -3*m + 15 = 3*l, -75 = -7*l + 2*l + 5*m. Let a(n) = 3*n - 23. Determine a(l).
7
Let f(x) = -x**2 + x - 1. Suppose 0 = -m - 10*j + 5*j - 15, 2*m - j - 3 = 0. Determine f(m).
-1
Let i = -7 - -2. Let v(y) = -y - 5. Let s(l) = l + 4. Let x(z) = z**3 + 4*z**2 - 11*z + 12. Let b be x(-6). Let h(f) = b*v(f) + 7*s(f). Give h(i).
-7
Let h(i) be the third derivative of i**5/60 + 11*i**4/24 + 5*i**3/6 - 7*i**2 - 2. Give h(-11).
5
Let r(y) = -2*y. Let m be r(5). Let k = -12 - m. Let o(v) = v**2 + v + 5*v - 4*v. Give o(k).
0
Let w(x) = -5*x**3 - 5*x**2 + 16*x + 8. Let b(o) = 3*o**3 + 4*o**2 - 10*o - 5. Let z(p) = 8*b(p) + 5*w(p). What is z(7)?
0
Suppose 4*l - h = 13, -4*l + 25 = -0*l + 3*h. Suppose -l*m - 4*u = -5*m + 25, -u - 13 = -m. Let a = -7 + m. Let q(s) = -s**2 + 3*s - 3. Calculate q(a).
-1
Let i(r) = 1 + 27*r**2 - 2 + 0 - 5*r**2. Determine i(-1).
21
Let f(h) = -16*h**2 + 61*h - 41. Let q(v) = 3*v**2 - 12*v + 8. Let r(n) = -2*f(n) - 11*q(n). Let a be r(7). Let j(b) = 4 + 16*b - a*b + 8. Calculate j(-6).
6
Let n(i) = 5*i - 1. Let o(t) = -21*t + 5. Suppose -2 = -k - k, 5*w - k = -11. Let s(q) = w*o(q) - 9*n(q). Determine s(-3).
8
Let v(g) = -g + 4. Let r = 1156 + -1164. What is v(r)?
12
Let z(a) be the first derivative of -a**4/12 - 4*a**3/3 - 4*a**2 - 6*a + 15. Let w(u) be the first derivative of z(u). Give w(-6).
4
Let i(q) = -4*q - 7. Let k(c) = 5*c + 8. Let b(x) = 6*i(x) + 5*k(x). Suppose -4*j + 20 = 0, -4*g + 15 = -2*j + j. Calculate b(g).
3
Let k(i) be the second derivative of -1/360*i**6 + i + 0*i**3 + 7/120*i**5 + 11/12*i**4 + 0 + 0*i**2. Let x(r) be the third derivative of k(r). Give x(5).
-3
Let l(m) = m - 6. Let v be 308/(-42)*(-9)/(-6). Calculate l(v).
-17
Let d(i) = 1 - 12*i**3 + i**2 + 1352*i + 4*i**3 - 1350*i. Determine d(-1).
8
Suppose -9 = 2*p - 4*p + 5*b, 2*b = -2. Let j(i) = i. Let r be j(p). Let d(x) = 0 + 4*x + r*x - 2 - 4*x. Calculate d(-2).
-6
Let c = -136 + 144. Let s(w) = w - w**3 + c + 7 + w**2 + 1 - 9. Determine s(0).
7
Let t(q) be the second derivative of -q**7/252 - q**6/360 - q**5/120 + 17*q**4/12 + q. Let u(x) be the third derivative of t(x). What is u(-1)?
-9
Let i be 210/350 + 16/(-10). Let s(t) = -2*t**3 - 3*t**2 + t + 2. What is s(i)?
0
Let f(p) be the second derivative of -p**5/20 + p**2/2 + 2*p. Suppose 0 = -29*u - 2212 + 2212. Give f(u).
1
Suppose -3 = -3*c + 3*b, 3*b + b = c - 10. Let i be -1*(c + 0 + -3). Let j(h) = -h + 4. Calculate j(i).
-1
Let c = -898 + 901. Let i(t) be the first derivative of -1/3*t**c - 5/2*t**2 + 11 - 5*t. Calculate i(-4).
-1
Let x be (108/(-48))/((-12)/(-16)). Let f(k) = -k - 7. What is f(x)?
-4
Let n(t) = t**3 + 3*t**2 - 3*t - 2. Let b(a) = 6*a**3 + 18*a**2 - 19*a - 13. Let k(u) = 2*b(u) - 13*n(u). Calculate k(-4).
12
Let n(j) = j**3 + 10*j**2 - 11. Let k = 652 + -662. What is n(k)?
-11
Let o(j) be the second derivative of -j**4/12 + j**3/3 + 3*j**2/2 - 338*j. Calculate o(5).
-12
Let a(x) be the first derivative of 3*x**5/40 - x**4/24 - 2*x**3/3 + 2. Let j(l) be the third derivative of a(l). Let o be (2/(-3))/(16/(-24)). Calculate j(o).
8
Let b(c) be the third derivative of -c**5/60 + c**4/24 + c**3/6 + 20*c**2. Give b(-2).
-5
Let x(p) be the second derivative of p**4/12 + p**3/6 + 16*p**2 - 92*p + 2. Give x(0).
32
Let u(r) = r**3 + 16*r**2 + 11. Let b(y) = y**2 + 20*y + 80. Let n be b(-8). Determine u(n).
11
Let m(k) = 14*k**3 + 2*k**2 + 5*k + 2. Let b(v) = 14*v**3 + 3*v**2 + 6*v + 3. Let l(f) = -3*b(f) + 4*m(f). Let s = -37 + 8. Let t = s - -30. Determine l(t).
14
Let k(x) = -4*x + 2. Suppose -3*m - l = 410, -2*m - 400 = m - 4*l. Let i be 17/m - 30/16. Give k(i).
10
Suppose 0 = -2*x - 5*w + 4, 8*w - 3*w - 6 = -3*x. Let i(d) = 4*d**x + 2*d**2 - 5 + 4*d - 5*d**2. Let l(s) = -8*s - 116. Let j be l(-14). Give i(j).
-5
Let h(s) = 42*s + 106. Let o be h(-3). Let y(u) = -u**3 - 20*u**2 - u - 12. Calculate y(o).
8
Let n(z) = -2*z**2 + 4*z + 1. Suppose u - 14 - 37 = 4*t, 0 = t - 4*u + 24. Let f be (t/(-10))/(24/60). Determine n(f).
-5
Let x(j) = -2*j**2 - 16*j + 4. Let y be x(-6). Suppose -a - 6*c + c = -12, a - 5*c = -y. Let p(m) = -3*m - 9. What is p(a)?
15
Let i be 360/280 - -1*(-4)/14. Suppose -6*d = -35 - i. Let a(f) = -2*f**2 + f**3 + 3*f**2 - 6*f**2 - 6*f + 1. Calculate a(d).
1
Let v(x) = -x - 7. Let s(k) = -k**2 - 15*k + 4. Let b be s(-15). Suppose 3*d + 14 = -b. Give v(d).
-1
Let v = 1 - 3. Let x(a) = -3*a**2 - 1. Let y(j) = -6*j**2 - 2. Suppose s + k - 2*k - 5 = 0, 0 = k. Let c(o) = s*x(o) + v*y(o). Determine c(1).
-4
Let x(p) = -3*p - 7. Let z = 48 - 44. Suppose -2*t + 10 = -z*t. What is x(t)?
8
Let g(q) = -20 - 14*q**3 + 45*q**2 + q - 9*q - 59*q**2. Let t(u) = 5*u**3 + 5*u**2 + 3*u + 7. Let b(k) = 4*g(k) + 11*t(k). Determine b(0).
-3
Let m(i) = 6*i + 1. Let j be m(-1). Let o(b) = -b**2 - 2*b + 3. Give o(j).
-12
Let o(s) = -3*s**3 - 4*s - 1. Let m(k) be the second derivative of k**5/5 + k**4/12 + 5*k**3/6 + k**2/2 + 3*k. Let x(a) = 2*m(a) + 3*o(a). Calculate x(2).
-5
Let v(y) be the third derivative of y**5/30 - 7*y**4/12 + 5*y**3/6 + 12*y**2. Let r be v(7). Let g(i) = -1 + 2 - 6 + 2*i. What is g(r)?
5
Let a(l) = -20*l**2 - l + 1. Suppose 9*f - 18*f - 135 = 0. Let o be (5/6)/(-5)*90/f. Give a(o).
-20
Suppose 0 = -4*m - 6 - 30. Let v be -5 + -11 - (-6)/2. Let w = m - v. Let p(u) = -u. Calculate p(w).
-4
Let z(t) be the first derivative of -17*t**3/3 - t - 3. Let v be 8/((4/(-9))/4). Let m be 1/(-8) - (-63)/v. Calculate z(m).
-18
Suppose -2*y = -b - 15, 0 = -6*y + 7*y + 3*b - 11. Suppose -y*i + 5 = -11. Let g(j) = 2*j**3 - 2*j**2. Calculate g(i).
8
Let z(r) = -30*r + 25*r - 4 + r**2 - r**3 + 5*r**2. Calculate z(5).
-4
Let k(y) = -1 + 26*y**2 - 23*y**2 + 21*y**2. Determine k(-1).
23
Let l(x) be the third derivative of -x**4/12 - x**3/3 + x**2. Let d(v) = v**3 + 13*v**2 + 13*v + 8. Let m be d(-12). Calculate l(m).
6
Let v(s) = 3*s + 2. Let y = 45 - 53. Calculate v(y).
-22
Let m(g) be the first derivative of g**4/2 - 11*g**3 - 15*g**2/2 - 42*g - 440. Calculate m(17).
-8
Let c(a) = a**3 - 22*a**2 - a + 24. Let g be c(22). Let s(l) = -2*l - 6 + 0*l**2 + g*l**2 + 7 - l**2. Calculate s(4).
9
Let d(r) be the second derivative of -r**8/6720 - r**7/2520 - r**6/360 - r**5/40 + 5*r**4/12 + 15*r. Let w(s) be the third derivative of d(s). What is w(-2)?
5
Let p(j) = 6 + 20*j + 7 - 11*j - 8*j - 6. Calculate p(-14).
-7
Let z(b) = -12*b + 12. Let q(k) = 1. Let v(i) = 12*q(i) - z(i). Calculate v(1).
12
Let j(c) = c**3 + 4*c**2 - 5*c - 5. Let n be (9 - 10)*(1 + -1). Let o(x) = 2*x - 5. Let m be o(n). What is j(m)?
-5
Let h(c) = -7. Let a(v) = v - 8. Suppose -54 + 29 = -5*r. Let g(d) = r*a(d) - 6*h(d). Determine g(-2).
-8
Let c be 36/378 - 4/42. Let t(o) be the second derivative of -4*o + 7/2*o**2 + 1/6*o**3 + c. Give t(-4).
3
Let d be ((-30)/5)/((-6)/4). Suppose q - d = -q. Let l(w) = 3*w + w - q*w. Determine l(4).
8
Let f(w) = -14*w - 15. Let d(r) = -8*r - 8. Let a(v) = 5*d(v) - 3*f(v). Determine a(8).
21
Let r(o) be the second derivative of -o**3/6 + 15*o**2/2 + 237*o. Determine r(-5).
20
Let s(q) be the first derivative of q**2 - 8*q + 122. Let y(j) = -j**3 - 7*j**2 - 7*j. Let v be y(-6). Calculate s(v).
4
Let v(n) = -n - 8. Let u(f) = 2*f + 15. Let a(k) = 3*u(k) + 5*v(k). Let c = 14 - 12. Suppose -5*d - c*d - 42 = 0. Calculate a(d).
-1
Let q(v) = -3*v - 9. Let h(a) = -a**2 + 4*a + 5. Let t be h(0). Suppose b = z + 2, 2*z - 44 = 6*z + t*b. Give q(z).
9
Let c(h) = -22*h + 8*h + 20*h - 3. Give c(3).
15
Let p(f) be the second derivative of -f**4/12 + 5*f**3/3 - 5*f**2/2 - f - 6. What is p(11)?
-16
Let j(o) = 3*o**2 - 3*o + 1. Let v be (372/(-8) + 2/(-4))*1. Let w = v - -49. What is j(w)?
7
Let w(p) = -6*p**2 + 8*p + 2. Let j(g) = 4 - 4 + 1 - g**2 + g. Suppose 0*u + 3*u = -3. Let s(t) = u*w(t) + 4*j(t). Calculate s(2).
2
Let c(v) = 5*v**2 - 7 - 5 + v**3 - 9*v + 0*v**3 + 7*v. Give c(-5).
-2
Suppose -6*j + 0*j + 18 = 0. Let h be ((-7)/21)/(1/(-27)). Let k(n) = -n**2 + 7*n - 4. Let y(f) = -2*f**2 + 15*f - 9. Let o(g) = h*k(g) - 4*y(g). What is o(j)?
0
Let x(k) = -52*k + 7*k**2 